{"id":25202,"date":"2025-12-19T17:07:37","date_gmt":"2025-12-19T16:07:37","guid":{"rendered":"https:\/\/louis-dubois.com\/?page_id=25202"},"modified":"2025-12-19T17:11:56","modified_gmt":"2025-12-19T16:11:56","slug":"politique-de-confidentialite-2","status":"publish","type":"page","link":"https:\/\/louis-dubois.com\/?page_id=25202","title":{"rendered":"Mentions l\u00e9gales"},"content":{"rendered":"\t\t<div data-elementor-type=\"wp-page\" data-elementor-id=\"25202\" class=\"elementor elementor-25202\">\n\t\t\t\t<div class=\"elementor-element elementor-element-65ca6c08 thegem-e-con-layout-thegem e-flex e-con-boxed e-con e-parent\" data-id=\"65ca6c08\" data-element_type=\"container\" data-settings=\"{&quot;thegem_container_layout&quot;:&quot;thegem&quot;}\">\r\n\t\t\t\t\t<div class=\"e-con-inner\">\r\n\t\t\t\t<div class=\"elementor-element elementor-element-3f099735 flex-horizontal-align-default flex-horizontal-align-tablet-default flex-horizontal-align-mobile-default flex-vertical-align-default flex-vertical-align-tablet-default flex-vertical-align-mobile-default elementor-widget elementor-widget-text-editor\" data-id=\"3f099735\" data-element_type=\"widget\" data-widget_type=\"text-editor.default\">\n\t\t\t\t\t\t\t\t\t\t\t\t<div class=\"elementor-text-editor elementor-clearfix\">\r\n\t\t\t\t\t\t\n<h2 class=\"wp-block-heading\" data-start=\"261\" data-end=\"280\">Mentions l\u00e9gales<\/h2>\n<p data-start=\"282\" data-end=\"586\">Conform\u00e9ment aux dispositions des articles 6-III et 19 de la loi n\u00b02004-575 du 21 juin 2004 pour la Confiance dans l\u2019\u00c9conomie Num\u00e9rique (LCEN), il est pr\u00e9cis\u00e9 aux utilisateurs du site <strong data-start=\"466\" data-end=\"498\"><a class=\"decorated-link\" href=\"https:\/\/www.louis-dubois.com\" target=\"_new\" rel=\"noopener\" data-start=\"468\" data-end=\"496\">https:\/\/www.louis-dubois.com<\/a><\/strong> l\u2019identit\u00e9 des diff\u00e9rents intervenants dans le cadre de sa r\u00e9alisation et de son suivi.<\/p>\n<hr data-start=\"588\" data-end=\"591\" \/>\n<h3 data-start=\"593\" data-end=\"615\">1. \u00c9diteur du site<\/h3>\n<p data-start=\"617\" data-end=\"648\">Le pr\u00e9sent site est \u00e9dit\u00e9 par :<\/p>\n<ul data-start=\"650\" data-end=\"1157\">\n<li data-start=\"650\" data-end=\"701\">\n<p data-start=\"652\" data-end=\"701\"><strong data-start=\"652\" data-end=\"676\">D\u00e9nomination sociale<\/strong> : SARL PASTRY PLAISIRS<\/p>\n<\/li>\n<li data-start=\"702\" data-end=\"767\">\n<p data-start=\"704\" data-end=\"767\"><strong data-start=\"704\" data-end=\"723\">Forme juridique<\/strong> : Soci\u00e9t\u00e9 \u00e0 responsabilit\u00e9 limit\u00e9e (SARL)<\/p>\n<\/li>\n<li data-start=\"768\" data-end=\"800\">\n<p data-start=\"770\" data-end=\"800\"><strong data-start=\"770\" data-end=\"788\">Capital social<\/strong> : 3 000 \u20ac<\/p>\n<\/li>\n<li data-start=\"801\" data-end=\"873\">\n<p data-start=\"803\" data-end=\"873\"><strong data-start=\"803\" data-end=\"819\">Si\u00e8ge social<\/strong> : 20 bis rue de l\u2019Abb\u00e9 Gr\u00e9goire, 06000 Nice, France<\/p>\n<\/li>\n<li data-start=\"874\" data-end=\"917\">\n<p data-start=\"876\" data-end=\"917\"><strong data-start=\"876\" data-end=\"904\">Num\u00e9ro d\u2019immatriculation<\/strong> : RCS Nice<\/p>\n<\/li>\n<li data-start=\"918\" data-end=\"951\">\n<p data-start=\"920\" data-end=\"951\"><strong data-start=\"920\" data-end=\"929\">SIRET<\/strong> : 752 541 060 00030<\/p>\n<\/li>\n<li data-start=\"952\" data-end=\"1009\">\n<p data-start=\"954\" data-end=\"1009\"><strong data-start=\"954\" data-end=\"990\">Num\u00e9ro de TVA intracommunautaire<\/strong> : FR87 752541060<\/p>\n<\/li>\n<li data-start=\"1010\" data-end=\"1062\">\n<p data-start=\"1012\" data-end=\"1062\"><strong data-start=\"1012\" data-end=\"1045\">Responsable de la publication<\/strong> : Louis Dubois<\/p>\n<\/li>\n<li data-start=\"1063\" data-end=\"1112\">\n<p data-start=\"1065\" data-end=\"1112\"><strong data-start=\"1065\" data-end=\"1083\">Adresse e-mail<\/strong> : <a class=\"decorated-link cursor-pointer\" rel=\"noopener\" data-start=\"1086\" data-end=\"1110\">contact@louis-dubois.com<\/a><\/p>\n<\/li>\n<li data-start=\"1113\" data-end=\"1157\">\n<p data-start=\"1115\" data-end=\"1157\"><strong data-start=\"1115\" data-end=\"1138\">Num\u00e9ro de t\u00e9l\u00e9phone<\/strong> : 04 23 13 03 10<\/p>\n<\/li>\n<\/ul>\n<hr data-start=\"1159\" data-end=\"1162\" \/>\n<h3 data-start=\"1164\" data-end=\"1190\">2. H\u00e9bergement du site<\/h3>\n<p data-start=\"1192\" data-end=\"1217\">Le site est h\u00e9berg\u00e9 par :<\/p>\n<ul data-start=\"1219\" data-end=\"1398\">\n<li data-start=\"1219\" data-end=\"1247\">\n<p data-start=\"1221\" data-end=\"1247\"><strong data-start=\"1221\" data-end=\"1234\">H\u00e9bergeur<\/strong> : Scaleway<\/p>\n<\/li>\n<li data-start=\"1248\" data-end=\"1291\">\n<p data-start=\"1250\" data-end=\"1291\"><strong data-start=\"1250\" data-end=\"1274\">D\u00e9nomination sociale<\/strong> : Scaleway SAS<\/p>\n<\/li>\n<li data-start=\"1292\" data-end=\"1357\">\n<p data-start=\"1294\" data-end=\"1357\"><strong data-start=\"1294\" data-end=\"1305\">Adresse<\/strong> : 8 rue de la Ville l\u2019\u00c9v\u00eaque, 75008 Paris, France<\/p>\n<\/li>\n<li data-start=\"1358\" data-end=\"1398\">\n<p data-start=\"1360\" data-end=\"1398\"><strong data-start=\"1360\" data-end=\"1373\">T\u00e9l\u00e9phone<\/strong> : +33 (0)1 84 13 00 00<\/p>\n<\/li>\n<\/ul>\n<hr data-start=\"1400\" data-end=\"1403\" \/>\n<h3 data-start=\"1405\" data-end=\"1436\">3. Propri\u00e9t\u00e9 intellectuelle<\/h3>\n<p data-start=\"1438\" data-end=\"1689\">L\u2019ensemble du contenu pr\u00e9sent sur le site <strong data-start=\"1480\" data-end=\"1500\">louis-dubois.com<\/strong>, incluant notamment les textes, images, vid\u00e9os, graphismes, logos, cr\u00e9ations visuelles, recettes, \u00e9l\u00e9ments sonores et audiovisuels, est prot\u00e9g\u00e9 par le droit de la propri\u00e9t\u00e9 intellectuelle.<\/p>\n<p data-start=\"1691\" data-end=\"2043\">Sauf mention contraire, ces contenus sont la propri\u00e9t\u00e9 exclusive de <strong data-start=\"1759\" data-end=\"1783\">SARL PASTRY PLAISIRS<\/strong>.<br data-start=\"1784\" data-end=\"1787\" \/>Toute reproduction, repr\u00e9sentation, modification, diffusion ou exploitation, totale ou partielle, sans autorisation \u00e9crite pr\u00e9alable est interdite et constitue une contrefa\u00e7on au sens des articles L.335-2 et suivants du Code de la propri\u00e9t\u00e9 intellectuelle.<\/p>\n<hr data-start=\"2045\" data-end=\"2048\" \/>\n<h3 data-start=\"2050\" data-end=\"2071\">4. Responsabilit\u00e9<\/h3>\n<p data-start=\"2073\" data-end=\"2315\">SARL PASTRY PLAISIRS s\u2019efforce de fournir sur le site <strong data-start=\"2127\" data-end=\"2147\">louis-dubois.com<\/strong> des informations exactes et \u00e0 jour. Toutefois, elle ne saurait \u00eatre tenue responsable des erreurs, omissions, inexactitudes ou de l\u2019indisponibilit\u00e9 temporaire du site.<\/p>\n<p data-start=\"2317\" data-end=\"2426\">L\u2019utilisateur reconna\u00eet utiliser le site et les informations qu\u2019il contient sous sa responsabilit\u00e9 exclusive.<\/p>\n<hr data-start=\"2428\" data-end=\"2431\" \/>\n<h3 data-start=\"2433\" data-end=\"2460\">5. Donn\u00e9es personnelles<\/h3>\n<p data-start=\"2462\" data-end=\"2609\">Les donn\u00e9es personnelles collect\u00e9es sur le site sont trait\u00e9es conform\u00e9ment au R\u00e8glement G\u00e9n\u00e9ral sur la Protection des Donn\u00e9es (RGPD \u2013 UE 2016\/679).<\/p>\n<p data-start=\"2611\" data-end=\"2845\">Les informations recueillies via les formulaires (contact, commande, inscription) sont strictement n\u00e9cessaires \u00e0 la gestion des demandes, commandes et relations commerciales, et sont destin\u00e9es exclusivement \u00e0 <strong data-start=\"2820\" data-end=\"2844\">SARL PASTRY PLAISIRS<\/strong>.<\/p>\n<p data-start=\"2847\" data-end=\"2907\">Aucune donn\u00e9e personnelle n\u2019est c\u00e9d\u00e9e ou vendue \u00e0 des tiers.<\/p>\n<p data-start=\"2909\" data-end=\"3089\">Conform\u00e9ment \u00e0 la r\u00e9glementation en vigueur, l\u2019utilisateur dispose d\u2019un droit d\u2019acc\u00e8s, de rectification, d\u2019effacement, de limitation, d\u2019opposition et de portabilit\u00e9 de ses donn\u00e9es.<\/p>\n<p data-start=\"3091\" data-end=\"3186\">Ces droits peuvent \u00eatre exerc\u00e9s par email \u00e0 l\u2019adresse suivante :<br data-start=\"3155\" data-end=\"3158\" \/><strong data-start=\"3158\" data-end=\"3186\"><a class=\"decorated-link cursor-pointer\" rel=\"noopener\" data-start=\"3160\" data-end=\"3184\">contact@louis-dubois.com<\/a><\/strong><\/p>\n<hr data-start=\"3188\" data-end=\"3191\" \/>\n<h3 data-start=\"3193\" data-end=\"3207\">6. Cookies<\/h3>\n<p data-start=\"3209\" data-end=\"3444\">Le site <strong data-start=\"3217\" data-end=\"3237\">louis-dubois.com<\/strong> peut utiliser des cookies strictement n\u00e9cessaires \u00e0 son fonctionnement, ainsi que des cookies de mesure d\u2019audience et li\u00e9s aux services de commerce en ligne et de paiement (notamment WooCommerce et PayPal).<\/p>\n<p data-start=\"3446\" data-end=\"3641\">L\u2019utilisateur peut configurer son navigateur afin de refuser tout ou partie des cookies. Le refus de certains cookies peut toutefois entra\u00eener une alt\u00e9ration de certaines fonctionnalit\u00e9s du site.<\/p>\n<hr data-start=\"3643\" data-end=\"3646\" \/>\n<h3 data-start=\"3648\" data-end=\"3671\">7. Droit applicable<\/h3>\n<p data-start=\"3673\" data-end=\"3718\">Le pr\u00e9sent site est soumis au droit fran\u00e7ais.<\/p>\n<p data-start=\"3720\" data-end=\"3847\">En cas de litige et \u00e0 d\u00e9faut de r\u00e9solution amiable, les tribunaux fran\u00e7ais territorialement comp\u00e9tents seront seuls comp\u00e9tents.<\/p>\n\t\t\t\t\t\t\t<\/div>\r\n\t\t\t\t\t\t\t\t\t\t<\/div>\n\t\t\t\t\t<\/div>\n\t\t\t\t<\/div>\n\t\t\t\t<\/div>\n\t\t","protected":false},"excerpt":{"rendered":"<p>Mentions l\u00e9gales Conform\u00e9ment aux dispositions des articles 6-III et 19 de la loi n\u00b02004-575 du 21 juin 2004 pour la&#8230;<\/p>\n","protected":false},"author":1,"featured_media":0,"parent":0,"menu_order":0,"comment_status":"closed","ping_status":"open","template":"","meta":{"footnotes":""},"class_list":["post-25202","page","type-page","status-publish"],"yoast_head":"<!-- This site is optimized with the Yoast SEO plugin v26.5 - https:\/\/yoast.com\/wordpress\/plugins\/seo\/ -->\n<title>Mentions l\u00e9gales - Louis Dubois Glacier - P\u00e2tissier<\/title>\n<meta name=\"robots\" content=\"index, follow, max-snippet:-1, max-image-preview:large, max-video-preview:-1\" \/>\n<link rel=\"canonical\" href=\"https:\/\/louis-dubois.com\/?page_id=25202\" \/>\n<meta property=\"og:locale\" content=\"fr_FR\" \/>\n<meta property=\"og:type\" content=\"article\" \/>\n<meta property=\"og:title\" content=\"Mentions l\u00e9gales - Louis Dubois Glacier - P\u00e2tissier\" \/>\n<meta property=\"og:description\" content=\"Mentions l\u00e9gales Conform\u00e9ment aux dispositions des articles 6-III et 19 de la loi n\u00b02004-575 du 21 juin 2004 pour la...\" \/>\n<meta property=\"og:url\" content=\"https:\/\/louis-dubois.com\/?page_id=25202\" \/>\n<meta property=\"og:site_name\" content=\"Louis Dubois Glacier - P\u00e2tissier\" \/>\n<meta property=\"article:modified_time\" content=\"2025-12-19T16:11:56+00:00\" \/>\n<meta property=\"og:image\" content=\"https:\/\/louis-dubois.com\/wp-content\/uploads\/2025\/12\/Logo-V8-black.png\" \/>\n\t<meta property=\"og:image:width\" content=\"1487\" \/>\n\t<meta property=\"og:image:height\" content=\"689\" \/>\n\t<meta property=\"og:image:type\" content=\"image\/png\" \/>\n<meta name=\"twitter:card\" content=\"summary_large_image\" \/>\n<meta name=\"twitter:label1\" content=\"Dur\u00e9e de lecture estim\u00e9e\" \/>\n\t<meta name=\"twitter:data1\" content=\"3 minutes\" \/>\n<script type=\"application\/ld+json\" class=\"yoast-schema-graph\">{\"@context\":\"https:\/\/schema.org\",\"@graph\":[{\"@type\":\"WebPage\",\"@id\":\"https:\/\/louis-dubois.com\/?page_id=25202\",\"url\":\"https:\/\/louis-dubois.com\/?page_id=25202\",\"name\":\"Mentions l\u00e9gales - Louis Dubois Glacier - P\u00e2tissier\",\"isPartOf\":{\"@id\":\"https:\/\/louis-dubois.com\/#website\"},\"datePublished\":\"2025-12-19T16:07:37+00:00\",\"dateModified\":\"2025-12-19T16:11:56+00:00\",\"breadcrumb\":{\"@id\":\"https:\/\/louis-dubois.com\/?page_id=25202#breadcrumb\"},\"inLanguage\":\"fr-FR\",\"potentialAction\":[{\"@type\":\"ReadAction\",\"target\":[\"https:\/\/louis-dubois.com\/?page_id=25202\"]}]},{\"@type\":\"BreadcrumbList\",\"@id\":\"https:\/\/louis-dubois.com\/?page_id=25202#breadcrumb\",\"itemListElement\":[{\"@type\":\"ListItem\",\"position\":1,\"name\":\"Accueil\",\"item\":\"https:\/\/louis-dubois.com\/\"},{\"@type\":\"ListItem\",\"position\":2,\"name\":\"Mentions l\u00e9gales\"}]},{\"@type\":\"WebSite\",\"@id\":\"https:\/\/louis-dubois.com\/#website\",\"url\":\"https:\/\/louis-dubois.com\/\",\"name\":\"Louis Dubois Glacier - P\u00e2tissier\",\"description\":\"D\u00e9couvrez l\u2019excellence p\u00e2tissi\u00e8re et glac\u00e9e pour les professionnels sign\u00e9e Louis Dubois\",\"publisher\":{\"@id\":\"https:\/\/louis-dubois.com\/#\/schema\/person\/95357d5fcae5ab65b75e18ab948ced68\"},\"alternateName\":\"Louis Dubois Glacier - P\u00e2tissier\",\"potentialAction\":[{\"@type\":\"SearchAction\",\"target\":{\"@type\":\"EntryPoint\",\"urlTemplate\":\"https:\/\/louis-dubois.com\/?s={search_term_string}\"},\"query-input\":{\"@type\":\"PropertyValueSpecification\",\"valueRequired\":true,\"valueName\":\"search_term_string\"}}],\"inLanguage\":\"fr-FR\"},{\"@type\":[\"Person\",\"Organization\"],\"@id\":\"https:\/\/louis-dubois.com\/#\/schema\/person\/95357d5fcae5ab65b75e18ab948ced68\",\"name\":\"Ldubois\",\"image\":{\"@type\":\"ImageObject\",\"inLanguage\":\"fr-FR\",\"@id\":\"https:\/\/louis-dubois.com\/#\/schema\/person\/image\/\",\"url\":\"https:\/\/louis-dubois.com\/wp-content\/uploads\/2022\/08\/Logo-Or-titre.png\",\"contentUrl\":\"https:\/\/louis-dubois.com\/wp-content\/uploads\/2022\/08\/Logo-Or-titre.png\",\"width\":520,\"height\":669,\"caption\":\"Ldubois\"},\"logo\":{\"@id\":\"https:\/\/louis-dubois.com\/#\/schema\/person\/image\/\"},\"sameAs\":[\"https:\/\/louis-dubois.com\"]}]}<\/script>\n<!-- \/ Yoast SEO plugin. -->","yoast_head_json":{"title":"Mentions l\u00e9gales - Louis Dubois Glacier - P\u00e2tissier","robots":{"index":"index","follow":"follow","max-snippet":"max-snippet:-1","max-image-preview":"max-image-preview:large","max-video-preview":"max-video-preview:-1"},"canonical":"https:\/\/louis-dubois.com\/?page_id=25202","og_locale":"fr_FR","og_type":"article","og_title":"Mentions l\u00e9gales - Louis Dubois Glacier - P\u00e2tissier","og_description":"Mentions l\u00e9gales Conform\u00e9ment aux dispositions des articles 6-III et 19 de la loi n\u00b02004-575 du 21 juin 2004 pour la...","og_url":"https:\/\/louis-dubois.com\/?page_id=25202","og_site_name":"Louis Dubois Glacier - P\u00e2tissier","article_modified_time":"2025-12-19T16:11:56+00:00","og_image":[{"width":1487,"height":689,"url":"https:\/\/louis-dubois.com\/wp-content\/uploads\/2025\/12\/Logo-V8-black.png","type":"image\/png"}],"twitter_card":"summary_large_image","twitter_misc":{"Dur\u00e9e de lecture estim\u00e9e":"3 minutes"},"schema":{"@context":"https:\/\/schema.org","@graph":[{"@type":"WebPage","@id":"https:\/\/louis-dubois.com\/?page_id=25202","url":"https:\/\/louis-dubois.com\/?page_id=25202","name":"Mentions l\u00e9gales - Louis Dubois Glacier - P\u00e2tissier","isPartOf":{"@id":"https:\/\/louis-dubois.com\/#website"},"datePublished":"2025-12-19T16:07:37+00:00","dateModified":"2025-12-19T16:11:56+00:00","breadcrumb":{"@id":"https:\/\/louis-dubois.com\/?page_id=25202#breadcrumb"},"inLanguage":"fr-FR","potentialAction":[{"@type":"ReadAction","target":["https:\/\/louis-dubois.com\/?page_id=25202"]}]},{"@type":"BreadcrumbList","@id":"https:\/\/louis-dubois.com\/?page_id=25202#breadcrumb","itemListElement":[{"@type":"ListItem","position":1,"name":"Accueil","item":"https:\/\/louis-dubois.com\/"},{"@type":"ListItem","position":2,"name":"Mentions l\u00e9gales"}]},{"@type":"WebSite","@id":"https:\/\/louis-dubois.com\/#website","url":"https:\/\/louis-dubois.com\/","name":"Louis Dubois Glacier - P\u00e2tissier","description":"D\u00e9couvrez l\u2019excellence p\u00e2tissi\u00e8re et glac\u00e9e pour les professionnels sign\u00e9e Louis Dubois","publisher":{"@id":"https:\/\/louis-dubois.com\/#\/schema\/person\/95357d5fcae5ab65b75e18ab948ced68"},"alternateName":"Louis Dubois Glacier - P\u00e2tissier","potentialAction":[{"@type":"SearchAction","target":{"@type":"EntryPoint","urlTemplate":"https:\/\/louis-dubois.com\/?s={search_term_string}"},"query-input":{"@type":"PropertyValueSpecification","valueRequired":true,"valueName":"search_term_string"}}],"inLanguage":"fr-FR"},{"@type":["Person","Organization"],"@id":"https:\/\/louis-dubois.com\/#\/schema\/person\/95357d5fcae5ab65b75e18ab948ced68","name":"Ldubois","image":{"@type":"ImageObject","inLanguage":"fr-FR","@id":"https:\/\/louis-dubois.com\/#\/schema\/person\/image\/","url":"https:\/\/louis-dubois.com\/wp-content\/uploads\/2022\/08\/Logo-Or-titre.png","contentUrl":"https:\/\/louis-dubois.com\/wp-content\/uploads\/2022\/08\/Logo-Or-titre.png","width":520,"height":669,"caption":"Ldubois"},"logo":{"@id":"https:\/\/louis-dubois.com\/#\/schema\/person\/image\/"},"sameAs":["https:\/\/louis-dubois.com"]}]}},"jetpack_sharing_enabled":true,"_links":{"self":[{"href":"https:\/\/louis-dubois.com\/index.php?rest_route=\/wp\/v2\/pages\/25202","targetHints":{"allow":["GET"]}}],"collection":[{"href":"https:\/\/louis-dubois.com\/index.php?rest_route=\/wp\/v2\/pages"}],"about":[{"href":"https:\/\/louis-dubois.com\/index.php?rest_route=\/wp\/v2\/types\/page"}],"author":[{"embeddable":true,"href":"https:\/\/louis-dubois.com\/index.php?rest_route=\/wp\/v2\/users\/1"}],"replies":[{"embeddable":true,"href":"https:\/\/louis-dubois.com\/index.php?rest_route=%2Fwp%2Fv2%2Fcomments&post=25202"}],"version-history":[{"count":8,"href":"https:\/\/louis-dubois.com\/index.php?rest_route=\/wp\/v2\/pages\/25202\/revisions"}],"predecessor-version":[{"id":25210,"href":"https:\/\/louis-dubois.com\/index.php?rest_route=\/wp\/v2\/pages\/25202\/revisions\/25210"}],"wp:attachment":[{"href":"https:\/\/louis-dubois.com\/index.php?rest_route=%2Fwp%2Fv2%2Fmedia&parent=25202"}],"curies":[{"name":"wp","href":"https:\/\/api.w.org\/{rel}","templated":true}]}}