{"id":25450,"date":"2025-12-22T17:12:36","date_gmt":"2025-12-22T16:12:36","guid":{"rendered":"https:\/\/louis-dubois.com\/?page_id=25450"},"modified":"2025-12-22T18:15:41","modified_gmt":"2025-12-22T17:15:41","slug":"presse-et-media","status":"publish","type":"page","link":"https:\/\/louis-dubois.com\/?page_id=25450","title":{"rendered":"Presse et M\u00e9dia"},"content":{"rendered":"\t\t<div data-elementor-type=\"wp-page\" data-elementor-id=\"25450\" class=\"elementor elementor-25450\">\n\t\t\t\t<div class=\"elementor-element elementor-element-c2b0a55 thegem-e-con-layout-thegem e-flex e-con-boxed e-con e-parent\" data-id=\"c2b0a55\" data-element_type=\"container\" data-settings=\"{&quot;thegem_container_layout&quot;:&quot;thegem&quot;}\">\r\n\t\t\t\t\t<div class=\"e-con-inner\">\r\n\t\t\t\t<div class=\"elementor-element elementor-element-ccebeca flex-horizontal-align-default flex-horizontal-align-tablet-default flex-horizontal-align-mobile-default flex-vertical-align-default flex-vertical-align-tablet-default flex-vertical-align-mobile-default elementor-widget elementor-widget-slider_revolution\" data-id=\"ccebeca\" data-element_type=\"widget\" data-widget_type=\"slider_revolution.default\">\n\t\t\t\t\t\n\t\t<div class=\"wp-block-themepunch-revslider\">\n\t\t\t\t<p class=\"rs-p-wp-fix\"><\/p>\n\t\t\t\t<sr7-module data-alias=\"Bento-Grid-Travel-Slider\" data-id=\"34\" id=\"SR7_34_1\" class=\"rs-ov-hidden\" data-version=\"6.7.53\">\n\t\t\t\t\t<sr7-adjuster><\/sr7-adjuster>\n\t\t\t\t\t<sr7-content>\n\t\t\t\t\t\t<sr7-slide id=\"SR7_34_1-119\" data-key=\"119\">\n\t\t\t\t\t\t\t<sr7-txt id=\"SR7_34_1-119-12\" class=\"sr7-layer\">CNEWS<\/sr7-txt>\n\t\t\t\t\t\t\t<sr7-txt id=\"SR7_34_1-119-15\" class=\"sr7-layer\">Invit\u00e9 sur le plateau de CNEWS le Chef \u00e0 organis\u00e9 une s\u00e9ance d\u00e9gustation pour la fin de saison de Pascal PRAUD<\/sr7-txt>\n\t\t\t\t\t\t\t<sr7-txt id=\"SR7_34_1-119-18\" class=\"sr7-layer\"><\/sr7-txt>\n\t\t\t\t\t\t\t<sr7-txt id=\"SR7_34_1-119-26\" class=\"sr7-layer\">En d\u00e9couvrir plus<\/sr7-txt>\n\t\t\t\t\t\t\t<sr7-txt id=\"SR7_34_1-119-27\" class=\"sr7-layer\"><\/sr7-txt>\n\t\t\t\t\t\t\t<sr7-txt id=\"SR7_34_1-119-28\" class=\"sr7-layer\">pr\u00e9c\u00e9dent<\/sr7-txt>\n\t\t\t\t\t\t\t<sr7-txt id=\"SR7_34_1-119-29\" class=\"sr7-layer\">Suivant<\/sr7-txt>\n\t\t\t\t\t\t\t<sr7-txt id=\"SR7_34_1-119-36\" class=\"sr7-layer\">Louis Dubois \u00e0<br \/>\nl'heure des Pros<\/sr7-txt>\n\t\t\t\t\t\t\t<sr7-txt id=\"SR7_34_1-119-40\" class=\"sr7-layer\"><\/sr7-txt>\n\t\t\t\t\t\t\t<sr7-txt id=\"SR7_34_1-119-41\" class=\"sr7-layer\">T\u00e9l\u00e9 Star<\/sr7-txt>\n\t\t\t\t\t\t\t<sr7-txt id=\"SR7_34_1-119-43\" class=\"sr7-layer\"><\/sr7-txt>\n\t\t\t\t\t\t\t<sr7-txt id=\"SR7_34_1-119-44\" class=\"sr7-layer\"><\/sr7-txt>\n\t\t\t\t\t\t\t<sr7-txt id=\"SR7_34_1-119-49\" class=\"sr7-layer\">Le magazine a consacr\u00e9 ses pages pages recettes au Glaces Louis Dubois<\/sr7-txt>\n\t\t\t\t\t\t\t<sr7-txt id=\"SR7_34_1-119-52\" class=\"sr7-layer\">VSD<\/sr7-txt>\n\t\t\t\t\t\t<\/sr7-slide>\n\t\t\t\t\t\t<sr7-slide id=\"SR7_34_1-120\" data-key=\"120\">\n\t\t\t\t\t\t\t<sr7-txt id=\"SR7_34_1-120-12\" class=\"sr7-layer\">BFM<\/sr7-txt>\n\t\t\t\t\t\t\t<sr7-txt id=\"SR7_34_1-120-15\" class=\"sr7-layer\"><\/sr7-txt>\n\t\t\t\t\t\t\t<sr7-txt id=\"SR7_34_1-120-18\" class=\"sr7-layer\"><\/sr7-txt>\n\t\t\t\t\t\t\t<sr7-txt id=\"SR7_34_1-120-26\" class=\"sr7-layer\">Find Your Zen<\/sr7-txt>\n\t\t\t\t\t\t\t<sr7-txt id=\"SR7_34_1-120-28\" class=\"sr7-layer\">pr\u00e9cedent<\/sr7-txt>\n\t\t\t\t\t\t\t<sr7-txt id=\"SR7_34_1-120-29\" class=\"sr7-layer\">suivant<\/sr7-txt>\n\t\t\t\t\t\t\t<sr7-txt id=\"SR7_34_1-120-31\" class=\"sr7-layer\"><\/sr7-txt>\n\t\t\t\t\t\t\t<sr7-txt id=\"SR7_34_1-120-36\" class=\"sr7-layer\"><\/sr7-txt>\n\t\t\t\t\t\t\t<sr7-txt id=\"SR7_34_1-120-40\" class=\"sr7-layer\"><\/sr7-txt>\n\t\t\t\t\t\t\t<sr7-txt id=\"SR7_34_1-120-41\" class=\"sr7-layer\">La nouvelle R\u00e9publique<\/sr7-txt>\n\t\t\t\t\t\t\t<sr7-txt id=\"SR7_34_1-120-43\" class=\"sr7-layer\"><\/sr7-txt>\n\t\t\t\t\t\t\t<sr7-txt id=\"SR7_34_1-120-44\" class=\"sr7-layer\"><\/sr7-txt>\n\t\t\t\t\t\t\t<sr7-txt id=\"SR7_34_1-120-46\" class=\"sr7-layer\"><\/sr7-txt>\n\t\t\t\t\t\t\t<sr7-txt id=\"SR7_34_1-120-49\" class=\"sr7-layer\"><\/sr7-txt>\n\t\t\t\t\t\t\t<sr7-txt id=\"SR7_34_1-120-52\" class=\"sr7-layer\">Ici Paris<\/sr7-txt>\n\t\t\t\t\t\t<\/sr7-slide>\n\t\t\t\t\t\t<sr7-slide id=\"SR7_34_1-121\" data-key=\"121\">\n\t\t\t\t\t\t\t<sr7-txt id=\"SR7_34_1-121-15\" class=\"sr7-layer\">Amoureux de la Glace retrouvez tous les conseils et recettes du Chef Louis Dubois<\/sr7-txt>\n\t\t\t\t\t\t\t<sr7-txt id=\"SR7_34_1-121-18\" class=\"sr7-layer\"><\/sr7-txt>\n\t\t\t\t\t\t\t<sr7-txt id=\"SR7_34_1-121-26\" class=\"sr7-layer\">Au service des plus Grands<\/sr7-txt>\n\t\t\t\t\t\t\t<sr7-txt id=\"SR7_34_1-121-27\" class=\"sr7-layer\">Tous les parfums sont naturels issus de l'agriculture biologique en circuit court<\/sr7-txt>\n\t\t\t\t\t\t\t<sr7-txt id=\"SR7_34_1-121-28\" class=\"sr7-layer\">pr\u00e9c\u00e9dent<\/sr7-txt>\n\t\t\t\t\t\t\t<sr7-txt id=\"SR7_34_1-121-29\" class=\"sr7-layer\">suivant<\/sr7-txt>\n\t\t\t\t\t\t\t<sr7-txt id=\"SR7_34_1-121-31\" class=\"sr7-layer\"><\/sr7-txt>\n\t\t\t\t\t\t\t<sr7-txt id=\"SR7_34_1-121-36\" class=\"sr7-layer\">Le Livre de recette<\/sr7-txt>\n\t\t\t\t\t\t\t<sr7-txt id=\"SR7_34_1-121-40\" class=\"sr7-layer\"><\/sr7-txt>\n\t\t\t\t\t\t\t<sr7-txt id=\"SR7_34_1-121-41\" class=\"sr7-layer\"><\/sr7-txt>\n\t\t\t\t\t\t\t<sr7-txt id=\"SR7_34_1-121-43\" class=\"sr7-layer\">Des produits nobles<\/sr7-txt>\n\t\t\t\t\t\t\t<sr7-txt id=\"SR7_34_1-121-44\" class=\"sr7-layer\">Vanille de Tahiti, Pistache d'Iran, Noisette du Pi\u00e9mont...<\/sr7-txt>\n\t\t\t\t\t\t\t<sr7-txt id=\"SR7_34_1-121-46\" class=\"sr7-layer\"><\/sr7-txt>\n\t\t\t\t\t\t\t<sr7-txt id=\"SR7_34_1-121-49\" class=\"sr7-layer\"><\/sr7-txt>\n\t\t\t\t\t\t\t<sr7-txt id=\"SR7_34_1-121-52\" class=\"sr7-layer\">Des Sorbets d'excellence<\/sr7-txt>\n\t\t\t\t\t\t<\/sr7-slide>\n\t\t\t\t\t\t<sr7-slide id=\"SR7_34_1-125\" data-key=\"125\">\n\t\t\t\t\t\t<\/sr7-slide>\n\t\t\t\t\t<\/sr7-content>\n\t\t\t\t\t<image_lists style=\"display:none\">\n\t\t\t\t\t\t<img data-src=\"\/\/louis-dubois.com\/wp-content\/uploads\/2025\/12\/received_329441964629769.jpeg\" data-libid=\"25445\" title=\"received_329441964629769\" width=\"0\" height=\"0\" data-dbsrc=\"Ly9sb3Vpcy1kdWJvaXMuY29tL3dwLWNvbnRlbnQvdXBsb2Fkcy8yMDI1LzEyL3JlY2VpdmVkXzMyOTQ0MTk2NDYyOTc2OS5qcGVn\"\/>\n\t\t\t\t\t\t<img data-src=\"\/\/louis-dubois.com\/wp-content\/uploads\/2025\/12\/Resized_IMG_20210709_100335_504.jpeg\" data-libid=\"25438\" title=\"Resized_IMG_20210709_100335_504\" width=\"0\" height=\"0\" data-dbsrc=\"Ly9sb3Vpcy1kdWJvaXMuY29tL3dwLWNvbnRlbnQvdXBsb2Fkcy8yMDI1LzEyL1Jlc2l6ZWRfSU1HXzIwMjEwNzA5XzEwMDMzNV81MDQuanBlZw==\"\/>\n\t\t\t\t\t\t<img data-src=\"\/\/louis-dubois.com\/wp-content\/uploads\/revslider\/Bento-Grid-Travel-Slider\/icelandfood.png\" data-libid=\"25462\" width=\"0\" height=\"0\" data-dbsrc=\"Ly9sb3Vpcy1kdWJvaXMuY29tL3dwLWNvbnRlbnQvdXBsb2Fkcy9yZXZzbGlkZXIvQmVudG8tR3JpZC1UcmF2ZWwtU2xpZGVyL2ljZWxhbmRmb29kLnBuZw==\"\/>\n\t\t\t\t\t\t<img loading=\"lazy\" data-src=\"\/\/louis-dubois.com\/wp-content\/uploads\/2025\/12\/2021-07-02-VSD-Juillet-2021-10000000061359164-1-scaled.jpg\" data-libid=\"25440\" title=\"2021-07-02-VSD-Juillet-2021-10000000061359164-1\" width=\"0\" height=\"0\" data-dbsrc=\"Ly9sb3Vpcy1kdWJvaXMuY29tL3dwLWNvbnRlbnQvdXBsb2Fkcy8yMDI1LzEyLzIwMjEtMDctMDItVlNELUp1aWxsZXQtMjAyMS0xMDAwMDAwMDA2MTM1OTE2NC0xLXNjYWxlZC5qcGc=\"\/>\n\t\t\t\t\t\t<img loading=\"lazy\" data-src=\"\/\/louis-dubois.com\/wp-content\/uploads\/2025\/12\/20230628_200259-scaled.jpg\" data-libid=\"25439\" title=\"20230628_200259\" width=\"0\" height=\"0\" data-dbsrc=\"Ly9sb3Vpcy1kdWJvaXMuY29tL3dwLWNvbnRlbnQvdXBsb2Fkcy8yMDI1LzEyLzIwMjMwNjI4XzIwMDI1OS1zY2FsZWQuanBn\"\/>\n\t\t\t\t\t\t<img loading=\"lazy\" data-src=\"\/\/louis-dubois.com\/wp-content\/uploads\/2025\/12\/livre02.jpg\" data-libid=\"4555\" title=\"livre02\" width=\"0\" height=\"0\" data-dbsrc=\"Ly9sb3Vpcy1kdWJvaXMuY29tL3dwLWNvbnRlbnQvdXBsb2Fkcy8yMDI1LzEyL2xpdnJlMDIuanBn\"\/>\n\t\t\t\t\t\t<img loading=\"lazy\" data-src=\"\/\/louis-dubois.com\/wp-content\/uploads\/revslider\/Bento-Grid-Travel-Slider\/japanfood2.png\" data-libid=\"25468\" width=\"0\" height=\"0\" data-dbsrc=\"Ly9sb3Vpcy1kdWJvaXMuY29tL3dwLWNvbnRlbnQvdXBsb2Fkcy9yZXZzbGlkZXIvQmVudG8tR3JpZC1UcmF2ZWwtU2xpZGVyL2phcGFuZm9vZDIucG5n\"\/>\n\t\t\t\t\t\t<img loading=\"lazy\" data-src=\"\/\/louis-dubois.com\/wp-content\/uploads\/2025\/12\/2021-06-30-ICI-PARIS-Du-30-juin-au-06-juillet-10000000061343647-1.jpg\" data-libid=\"25447\" title=\"2021-06-30-ICI-PARIS-Du-30-juin-au-06&#8211;juillet-10000000061343647-1\" width=\"0\" height=\"0\" data-dbsrc=\"Ly9sb3Vpcy1kdWJvaXMuY29tL3dwLWNvbnRlbnQvdXBsb2Fkcy8yMDI1LzEyLzIwMjEtMDYtMzAtSUNJLVBBUklTLUR1LTMwLWp1aW4tYXUtMDYtanVpbGxldC0xMDAwMDAwMDA2MTM0MzY0Ny0xLmpwZw==\"\/>\n\t\t\t\t\t\t<img loading=\"lazy\" data-src=\"\/\/louis-dubois.com\/wp-content\/uploads\/2025\/12\/Louis-Dubois-Nouvelle-Republique-scaled.jpg\" data-libid=\"25443\" title=\"Louis-Dubois-Nouvelle-Re\u0301publique\" width=\"0\" height=\"0\" data-dbsrc=\"Ly9sb3Vpcy1kdWJvaXMuY29tL3dwLWNvbnRlbnQvdXBsb2Fkcy8yMDI1LzEyL0xvdWlzLUR1Ym9pcy1Ob3V2ZWxsZS1SZXB1YmxpcXVlLXNjYWxlZC5qcGc=\"\/>\n\t\t\t\t\t\t<img loading=\"lazy\" data-src=\"\/\/louis-dubois.com\/wp-content\/uploads\/2025\/12\/MEP_Pub_Dessertsglaces.jpg\" data-libid=\"25449\" title=\"MEP_Pub_Desserts&#038;glaces\" width=\"0\" height=\"0\" data-dbsrc=\"Ly9sb3Vpcy1kdWJvaXMuY29tL3dwLWNvbnRlbnQvdXBsb2Fkcy8yMDI1LzEyL01FUF9QdWJfRGVzc2VydHNnbGFjZXMuanBn\"\/>\n\t\t\t\t\t\t<img loading=\"lazy\" data-src=\"\/\/louis-dubois.com\/wp-content\/uploads\/revslider\/video-media\/BA-Web01_46_layer-scaled.jpeg\" data-libid=\"25347\" title=\"BA-Web01_46_layer.jpeg\" width=\"0\" height=\"0\" data-dbsrc=\"Ly9sb3Vpcy1kdWJvaXMuY29tL3dwLWNvbnRlbnQvdXBsb2Fkcy9yZXZzbGlkZXIvdmlkZW8tbWVkaWEvQkEtV2ViMDFfNDZfbGF5ZXItc2NhbGVkLmpwZWc=\"\/>\n\t\t\t\t\t\t<img loading=\"lazy\" data-src=\"\/\/louis-dubois.com\/wp-content\/uploads\/2025\/12\/livre01.jpg\" data-libid=\"4556\" title=\"livre01\" width=\"0\" height=\"0\" data-dbsrc=\"Ly9sb3Vpcy1kdWJvaXMuY29tL3dwLWNvbnRlbnQvdXBsb2Fkcy8yMDI1LzEyL2xpdnJlMDEuanBn\"\/>\n\t\t\t\t\t\t<img loading=\"lazy\" data-src=\"\/\/louis-dubois.com\/wp-content\/uploads\/2025\/12\/2021-06-30-ICI-PARIS-Du-30-juin-au-06-juillet-10000000061343643-1.jpg\" data-libid=\"25448\" title=\"2021-06-30-ICI-PARIS-Du-30-juin-au-06&#8211;juillet-10000000061343643-1\" width=\"0\" height=\"0\" data-dbsrc=\"Ly9sb3Vpcy1kdWJvaXMuY29tL3dwLWNvbnRlbnQvdXBsb2Fkcy8yMDI1LzEyLzIwMjEtMDYtMzAtSUNJLVBBUklTLUR1LTMwLWp1aW4tYXUtMDYtanVpbGxldC0xMDAwMDAwMDA2MTM0MzY0My0xLmpwZw==\"\/>\n\t\t\t\t\t\t<img loading=\"lazy\" data-src=\"\/\/louis-dubois.com\/wp-content\/uploads\/2025\/12\/2021-06-21-TELE-POCHE-21-juin-2021-10000000061290141-1.jpg\" data-libid=\"25444\" title=\"2021-06-21-TELE-POCHE-21-juin-2021-10000000061290141-(1)\" width=\"0\" height=\"0\" data-dbsrc=\"Ly9sb3Vpcy1kdWJvaXMuY29tL3dwLWNvbnRlbnQvdXBsb2Fkcy8yMDI1LzEyLzIwMjEtMDYtMjEtVEVMRS1QT0NIRS0yMS1qdWluLTIwMjEtMTAwMDAwMDAwNjEyOTAxNDEtMS5qcGc=\"\/>\n\t\t\t\t\t<\/image_lists>\n\t\t\t\t<\/sr7-module>\n\t\t\t\t<script>\n\t\t\t\t\twindow.SR7 ??={};SR7.PMH ??={}; SR7.PMH[\"SR7_34_1\"] = {cn:100,state:false,fn: function() { if (window._tpt!==undefined && window._tpt.prepareModuleHeight !== undefined) {  _tpt.prepareModuleHeight({id:\"SR7_34_1\",el:[900,900,768,960,720],type:'standard',shdw:'0',gh:[900,900,768,960,720],gw:[1240,1240,1024,778,480],vpt:['-100px&#039;,&#039;-100px&#039;,&#039;-100px&#039;,&#039;-100px&#039;,&#039;-100px'],size:{fullWidth:true, fullHeight:true},fho:'',mh:'0',onh:0,onw:0,bg:{color:'{\"type\":\"solid\",\"orig\":\"#0c0c0c\",\"string\":\"rgba(12, 12, 12, 1)\"}'}});   SR7.PMH[\"SR7_34_1\"].state=true;} else if(SR7.PMH[\"SR7_34_1\"].cn-->0)\tsetTimeout( SR7.PMH[\"SR7_34_1\"].fn,19);}};SR7.PMH[\"SR7_34_1\" ].fn();(function() {\n\tjQuery(document).ready(function() {\n\t\tjQuery('.gem-slideshow-with-preloader.gem-slideshow-rs').each(function() {\n\t\t\tvar slideshow = jQuery(this);\n\t\t\tslideshow.trigger('thegem-preloader-loaded');\n\t\t});\n\t});\n\tvar revapi = jQuery(document).ready(function() {});\n\trevapi.one('revolution.slide.onloaded', function() {\n\t\tjQuery('.gem-slideshow').prev('.slideshow-preloader').remove();\n\t});\n\tdocument.addEventListener(\"sr.module.ready\", function(e) {\n\t\tjQuery('.gem-slideshow').prev('.slideshow-preloader').remove();\n\t});\n})();\n\n\t\t\t\t<\/script>\n<\/div>\n\n\t\t\t\t\t\t<\/div>\n\t\t\t\t\t<\/div>\n\t\t\t\t<\/div>\n\t\t\t\t<\/div>\n\t\t","protected":false},"excerpt":{"rendered":"","protected":false},"author":1,"featured_media":0,"parent":0,"menu_order":0,"comment_status":"closed","ping_status":"closed","template":"page-fullwidth.php","meta":{"footnotes":""},"class_list":["post-25450","page","type-page","status-publish"],"yoast_head":"<!-- This site is optimized with the Yoast SEO plugin v26.5 - https:\/\/yoast.com\/wordpress\/plugins\/seo\/ -->\n<title>Presse et M\u00e9dia - Louis Dubois Glacier - P\u00e2tissier<\/title>\n<meta name=\"robots\" content=\"index, follow, max-snippet:-1, max-image-preview:large, max-video-preview:-1\" \/>\n<link rel=\"canonical\" href=\"https:\/\/louis-dubois.com\/?page_id=25450\" \/>\n<meta property=\"og:locale\" content=\"fr_FR\" \/>\n<meta property=\"og:type\" content=\"article\" \/>\n<meta property=\"og:title\" content=\"Presse et M\u00e9dia - Louis Dubois Glacier - P\u00e2tissier\" \/>\n<meta property=\"og:url\" content=\"https:\/\/louis-dubois.com\/?page_id=25450\" \/>\n<meta property=\"og:site_name\" content=\"Louis Dubois Glacier - P\u00e2tissier\" \/>\n<meta property=\"article:modified_time\" content=\"2025-12-22T17:15:41+00:00\" \/>\n<meta property=\"og:image\" content=\"https:\/\/louis-dubois.com\/wp-content\/uploads\/2025\/12\/Logo-V8-black.png\" \/>\n\t<meta property=\"og:image:width\" content=\"1487\" \/>\n\t<meta property=\"og:image:height\" content=\"689\" \/>\n\t<meta property=\"og:image:type\" content=\"image\/png\" \/>\n<meta name=\"twitter:card\" content=\"summary_large_image\" \/>\n<meta name=\"twitter:label1\" content=\"Dur\u00e9e de lecture estim\u00e9e\" \/>\n\t<meta name=\"twitter:data1\" content=\"1 minute\" \/>\n<script type=\"application\/ld+json\" class=\"yoast-schema-graph\">{\"@context\":\"https:\/\/schema.org\",\"@graph\":[{\"@type\":\"WebPage\",\"@id\":\"https:\/\/louis-dubois.com\/?page_id=25450\",\"url\":\"https:\/\/louis-dubois.com\/?page_id=25450\",\"name\":\"Presse et M\u00e9dia - Louis Dubois Glacier - P\u00e2tissier\",\"isPartOf\":{\"@id\":\"https:\/\/louis-dubois.com\/#website\"},\"datePublished\":\"2025-12-22T16:12:36+00:00\",\"dateModified\":\"2025-12-22T17:15:41+00:00\",\"breadcrumb\":{\"@id\":\"https:\/\/louis-dubois.com\/?page_id=25450#breadcrumb\"},\"inLanguage\":\"fr-FR\",\"potentialAction\":[{\"@type\":\"ReadAction\",\"target\":[\"https:\/\/louis-dubois.com\/?page_id=25450\"]}]},{\"@type\":\"BreadcrumbList\",\"@id\":\"https:\/\/louis-dubois.com\/?page_id=25450#breadcrumb\",\"itemListElement\":[{\"@type\":\"ListItem\",\"position\":1,\"name\":\"Accueil\",\"item\":\"https:\/\/louis-dubois.com\/\"},{\"@type\":\"ListItem\",\"position\":2,\"name\":\"Presse et M\u00e9dia\"}]},{\"@type\":\"WebSite\",\"@id\":\"https:\/\/louis-dubois.com\/#website\",\"url\":\"https:\/\/louis-dubois.com\/\",\"name\":\"Louis Dubois Glacier - P\u00e2tissier\",\"description\":\"D\u00e9couvrez l\u2019excellence p\u00e2tissi\u00e8re et glac\u00e9e pour les professionnels sign\u00e9e Louis Dubois\",\"publisher\":{\"@id\":\"https:\/\/louis-dubois.com\/#\/schema\/person\/95357d5fcae5ab65b75e18ab948ced68\"},\"alternateName\":\"Louis Dubois Glacier - P\u00e2tissier\",\"potentialAction\":[{\"@type\":\"SearchAction\",\"target\":{\"@type\":\"EntryPoint\",\"urlTemplate\":\"https:\/\/louis-dubois.com\/?s={search_term_string}\"},\"query-input\":{\"@type\":\"PropertyValueSpecification\",\"valueRequired\":true,\"valueName\":\"search_term_string\"}}],\"inLanguage\":\"fr-FR\"},{\"@type\":[\"Person\",\"Organization\"],\"@id\":\"https:\/\/louis-dubois.com\/#\/schema\/person\/95357d5fcae5ab65b75e18ab948ced68\",\"name\":\"Ldubois\",\"image\":{\"@type\":\"ImageObject\",\"inLanguage\":\"fr-FR\",\"@id\":\"https:\/\/louis-dubois.com\/#\/schema\/person\/image\/\",\"url\":\"https:\/\/louis-dubois.com\/wp-content\/uploads\/2022\/08\/Logo-Or-titre.png\",\"contentUrl\":\"https:\/\/louis-dubois.com\/wp-content\/uploads\/2022\/08\/Logo-Or-titre.png\",\"width\":520,\"height\":669,\"caption\":\"Ldubois\"},\"logo\":{\"@id\":\"https:\/\/louis-dubois.com\/#\/schema\/person\/image\/\"},\"sameAs\":[\"https:\/\/louis-dubois.com\"]}]}<\/script>\n<!-- \/ Yoast SEO plugin. -->","yoast_head_json":{"title":"Presse et M\u00e9dia - Louis Dubois Glacier - P\u00e2tissier","robots":{"index":"index","follow":"follow","max-snippet":"max-snippet:-1","max-image-preview":"max-image-preview:large","max-video-preview":"max-video-preview:-1"},"canonical":"https:\/\/louis-dubois.com\/?page_id=25450","og_locale":"fr_FR","og_type":"article","og_title":"Presse et M\u00e9dia - Louis Dubois Glacier - P\u00e2tissier","og_url":"https:\/\/louis-dubois.com\/?page_id=25450","og_site_name":"Louis Dubois Glacier - P\u00e2tissier","article_modified_time":"2025-12-22T17:15:41+00:00","og_image":[{"width":1487,"height":689,"url":"https:\/\/louis-dubois.com\/wp-content\/uploads\/2025\/12\/Logo-V8-black.png","type":"image\/png"}],"twitter_card":"summary_large_image","twitter_misc":{"Dur\u00e9e de lecture estim\u00e9e":"1 minute"},"schema":{"@context":"https:\/\/schema.org","@graph":[{"@type":"WebPage","@id":"https:\/\/louis-dubois.com\/?page_id=25450","url":"https:\/\/louis-dubois.com\/?page_id=25450","name":"Presse et M\u00e9dia - Louis Dubois Glacier - P\u00e2tissier","isPartOf":{"@id":"https:\/\/louis-dubois.com\/#website"},"datePublished":"2025-12-22T16:12:36+00:00","dateModified":"2025-12-22T17:15:41+00:00","breadcrumb":{"@id":"https:\/\/louis-dubois.com\/?page_id=25450#breadcrumb"},"inLanguage":"fr-FR","potentialAction":[{"@type":"ReadAction","target":["https:\/\/louis-dubois.com\/?page_id=25450"]}]},{"@type":"BreadcrumbList","@id":"https:\/\/louis-dubois.com\/?page_id=25450#breadcrumb","itemListElement":[{"@type":"ListItem","position":1,"name":"Accueil","item":"https:\/\/louis-dubois.com\/"},{"@type":"ListItem","position":2,"name":"Presse et M\u00e9dia"}]},{"@type":"WebSite","@id":"https:\/\/louis-dubois.com\/#website","url":"https:\/\/louis-dubois.com\/","name":"Louis Dubois Glacier - P\u00e2tissier","description":"D\u00e9couvrez l\u2019excellence p\u00e2tissi\u00e8re et glac\u00e9e pour les professionnels sign\u00e9e Louis Dubois","publisher":{"@id":"https:\/\/louis-dubois.com\/#\/schema\/person\/95357d5fcae5ab65b75e18ab948ced68"},"alternateName":"Louis Dubois Glacier - P\u00e2tissier","potentialAction":[{"@type":"SearchAction","target":{"@type":"EntryPoint","urlTemplate":"https:\/\/louis-dubois.com\/?s={search_term_string}"},"query-input":{"@type":"PropertyValueSpecification","valueRequired":true,"valueName":"search_term_string"}}],"inLanguage":"fr-FR"},{"@type":["Person","Organization"],"@id":"https:\/\/louis-dubois.com\/#\/schema\/person\/95357d5fcae5ab65b75e18ab948ced68","name":"Ldubois","image":{"@type":"ImageObject","inLanguage":"fr-FR","@id":"https:\/\/louis-dubois.com\/#\/schema\/person\/image\/","url":"https:\/\/louis-dubois.com\/wp-content\/uploads\/2022\/08\/Logo-Or-titre.png","contentUrl":"https:\/\/louis-dubois.com\/wp-content\/uploads\/2022\/08\/Logo-Or-titre.png","width":520,"height":669,"caption":"Ldubois"},"logo":{"@id":"https:\/\/louis-dubois.com\/#\/schema\/person\/image\/"},"sameAs":["https:\/\/louis-dubois.com"]}]}},"jetpack_sharing_enabled":true,"_links":{"self":[{"href":"https:\/\/louis-dubois.com\/index.php?rest_route=\/wp\/v2\/pages\/25450","targetHints":{"allow":["GET"]}}],"collection":[{"href":"https:\/\/louis-dubois.com\/index.php?rest_route=\/wp\/v2\/pages"}],"about":[{"href":"https:\/\/louis-dubois.com\/index.php?rest_route=\/wp\/v2\/types\/page"}],"author":[{"embeddable":true,"href":"https:\/\/louis-dubois.com\/index.php?rest_route=\/wp\/v2\/users\/1"}],"replies":[{"embeddable":true,"href":"https:\/\/louis-dubois.com\/index.php?rest_route=%2Fwp%2Fv2%2Fcomments&post=25450"}],"version-history":[{"count":10,"href":"https:\/\/louis-dubois.com\/index.php?rest_route=\/wp\/v2\/pages\/25450\/revisions"}],"predecessor-version":[{"id":25488,"href":"https:\/\/louis-dubois.com\/index.php?rest_route=\/wp\/v2\/pages\/25450\/revisions\/25488"}],"wp:attachment":[{"href":"https:\/\/louis-dubois.com\/index.php?rest_route=%2Fwp%2Fv2%2Fmedia&parent=25450"}],"curies":[{"name":"wp","href":"https:\/\/api.w.org\/{rel}","templated":true}]}}