{"id":4244,"date":"2025-12-06T20:36:30","date_gmt":"2025-12-06T19:36:30","guid":{"rendered":"https:\/\/louis-dubois.com\/?post_type=product&#038;p=4244"},"modified":"2025-12-07T16:18:00","modified_gmt":"2025-12-07T15:18:00","slug":"4244","status":"publish","type":"product","link":"https:\/\/louis-dubois.com\/?product=4244","title":{"rendered":"Coffret \u00ab\u00a0\u00c9pices &#038; F\u00eates de fin d\u2019ann\u00e9e\u00a0\u00bb 5 Pots"},"content":{"rendered":"","protected":false},"excerpt":{"rendered":"<p><strong>Le raffinement chaleureux des parfums d\u2019hiver.<\/strong><\/p>\n<p>Un coffret inspir\u00e9 des lumi\u00e8res de fin d\u2019ann\u00e9e, des soir\u00e9es parfum\u00e9es, des desserts chaleureux.<\/p>\n<p>Chaque pot permet de pr\u00e9parer jusqu\u2019\u00e0 750 g de glace.<\/p>\n<p>Ce coffret de 5 pots c\u00e9l\u00e8bre :<\/p>\n<p><strong><em>Cannelle de Ceylan<\/em><\/strong>, douceur \u00e9pic\u00e9e<\/p>\n<p>Ingr\u00e9dients : Sucre, glucose atomis\u00e9, poudre de lait,Canelle de Cylan Bio (Place des \u00c9pices &#8211; Drap), dextrose<\/p>\n<p><strong><em>Cosse de cacao du Sri Lanka<\/em><\/strong>, subtilit\u00e9 v\u00e9g\u00e9tale<\/p>\n<p>Ingr\u00e9dients : Sucre, glucose atomis\u00e9, poudre de lait, glucose atomis\u00e9, Cosse de cacao Bio Torr\u00e9fi\u00e9es (Place des \u00c9pices &#8211; Drap) , dextrose<\/p>\n<p><strong>Earl Grey<\/strong>, d\u00e9licatement bergamote<\/p>\n<p>Ingr\u00e9dients : Sucre, glucose atomis\u00e9, poudre de lait, glucose atomis\u00e9,, Th\u00e9 Earl Gray (Jing) , dextrose<\/p>\n<p><strong><em>Matcha Bio<\/em><\/strong>, v\u00e9g\u00e9tal et velout\u00e9<\/p>\n<p>Ingr\u00e9dients : Sucre, glucose atomis\u00e9, poudre de lait, glucose atomis\u00e9,, Th\u00e9\u00a0 Matcha , dextrose<\/p>\n<p><strong><em>Badiane Bio<\/em><\/strong>, aromatique et lumineuse<\/p>\n<p>Ingr\u00e9dients : Sucre, glucose atomis\u00e9, poudre de lait, glucose atomis\u00e9,, Badiane (Place des \u00c9pices &#8211; Drap) , dextrose<\/p>\n<p>&nbsp;<\/p>\n<p>&nbsp;<\/p>\n","protected":false},"featured_media":4245,"comment_status":"open","ping_status":"closed","template":"","meta":[],"product_brand":[],"product_cat":[131,128],"product_tag":[],"class_list":{"0":"post-4244","1":"product","2":"type-product","3":"status-publish","4":"has-post-thumbnail","6":"product_cat-coffret-epices-fetes-de-fin-dannee","7":"product_cat-les-coffrets","9":"first","10":"instock","11":"taxable","12":"shipping-taxable","13":"purchasable","14":"product-type-simple"},"yoast_head":"<!-- This site is optimized with the Yoast SEO plugin v26.5 - https:\/\/yoast.com\/wordpress\/plugins\/seo\/ -->\n<title>Coffret &quot;\u00c9pices &amp; F\u00eates de fin d\u2019ann\u00e9e&quot; 5 Pots - Louis Dubois Glacier - P\u00e2tissier<\/title>\n<meta name=\"robots\" content=\"index, follow, max-snippet:-1, max-image-preview:large, max-video-preview:-1\" \/>\n<link rel=\"canonical\" href=\"https:\/\/louis-dubois.com\/?product=4244\" \/>\n<meta property=\"og:locale\" content=\"fr_FR\" \/>\n<meta property=\"og:type\" content=\"article\" \/>\n<meta property=\"og:title\" content=\"Coffret &quot;\u00c9pices &amp; F\u00eates de fin d\u2019ann\u00e9e&quot; 5 Pots - Louis Dubois Glacier - P\u00e2tissier\" \/>\n<meta property=\"og:description\" content=\"Le raffinement chaleureux des parfums d\u2019hiver.  Un coffret inspir\u00e9 des lumi\u00e8res de fin d\u2019ann\u00e9e, des soir\u00e9es parfum\u00e9es, des desserts chaleureux.  Chaque pot permet de pr\u00e9parer jusqu\u2019\u00e0 750 g de glace.  Ce coffret de 5 pots c\u00e9l\u00e8bre :  Cannelle de Ceylan, douceur \u00e9pic\u00e9e  Ingr\u00e9dients : Sucre, glucose atomis\u00e9, poudre de lait,Canelle de Cylan Bio (Place des \u00c9pices - Drap), dextrose  Cosse de cacao du Sri Lanka, subtilit\u00e9 v\u00e9g\u00e9tale  Ingr\u00e9dients : Sucre, glucose atomis\u00e9, poudre de lait, glucose atomis\u00e9, Cosse de cacao Bio Torr\u00e9fi\u00e9es (Place des \u00c9pices - Drap) , dextrose  Earl Grey, d\u00e9licatement bergamote  Ingr\u00e9dients : Sucre, glucose atomis\u00e9, poudre de lait, glucose atomis\u00e9,, Th\u00e9 Earl Gray (Jing) , dextrose  Matcha Bio, v\u00e9g\u00e9tal et velout\u00e9  Ingr\u00e9dients : Sucre, glucose atomis\u00e9, poudre de lait, glucose atomis\u00e9,, Th\u00e9\u00a0 Matcha , dextrose  Badiane Bio, aromatique et lumineuse  Ingr\u00e9dients : Sucre, glucose atomis\u00e9, poudre de lait, glucose atomis\u00e9,, Badiane (Place des \u00c9pices - Drap) , dextrose  &nbsp;  &nbsp;\" \/>\n<meta property=\"og:url\" content=\"https:\/\/louis-dubois.com\/?product=4244\" \/>\n<meta property=\"og:site_name\" content=\"Louis Dubois Glacier - P\u00e2tissier\" \/>\n<meta property=\"article:modified_time\" content=\"2025-12-07T15:18:00+00:00\" \/>\n<meta property=\"og:image\" content=\"https:\/\/louis-dubois.com\/wp-content\/uploads\/2025\/12\/Coffret-epices-et-fete-pack-de-5--1024x765.png\" \/>\n\t<meta property=\"og:image:width\" content=\"1024\" \/>\n\t<meta property=\"og:image:height\" content=\"765\" \/>\n\t<meta property=\"og:image:type\" content=\"image\/png\" \/>\n<meta name=\"twitter:card\" content=\"summary_large_image\" \/>\n<meta name=\"twitter:label1\" content=\"Dur\u00e9e de lecture estim\u00e9e\" \/>\n\t<meta name=\"twitter:data1\" content=\"1 minute\" \/>\n<script type=\"application\/ld+json\" class=\"yoast-schema-graph\">{\"@context\":\"https:\/\/schema.org\",\"@graph\":[{\"@type\":\"WebPage\",\"@id\":\"https:\/\/louis-dubois.com\/?product=4244\",\"url\":\"https:\/\/louis-dubois.com\/?product=4244\",\"name\":\"Coffret \\\"\u00c9pices & F\u00eates de fin d\u2019ann\u00e9e\\\" 5 Pots - Louis Dubois Glacier - P\u00e2tissier\",\"isPartOf\":{\"@id\":\"https:\/\/louis-dubois.com\/#website\"},\"primaryImageOfPage\":{\"@id\":\"https:\/\/louis-dubois.com\/?product=4244#primaryimage\"},\"image\":{\"@id\":\"https:\/\/louis-dubois.com\/?product=4244#primaryimage\"},\"thumbnailUrl\":\"https:\/\/louis-dubois.com\/wp-content\/uploads\/2025\/12\/Coffret-epices-et-fete-pack-de-5-.png\",\"datePublished\":\"2025-12-06T19:36:30+00:00\",\"dateModified\":\"2025-12-07T15:18:00+00:00\",\"breadcrumb\":{\"@id\":\"https:\/\/louis-dubois.com\/?product=4244#breadcrumb\"},\"inLanguage\":\"fr-FR\",\"potentialAction\":[{\"@type\":\"ReadAction\",\"target\":[\"https:\/\/louis-dubois.com\/?product=4244\"]}]},{\"@type\":\"ImageObject\",\"inLanguage\":\"fr-FR\",\"@id\":\"https:\/\/louis-dubois.com\/?product=4244#primaryimage\",\"url\":\"https:\/\/louis-dubois.com\/wp-content\/uploads\/2025\/12\/Coffret-epices-et-fete-pack-de-5-.png\",\"contentUrl\":\"https:\/\/louis-dubois.com\/wp-content\/uploads\/2025\/12\/Coffret-epices-et-fete-pack-de-5-.png\",\"width\":1200,\"height\":896},{\"@type\":\"BreadcrumbList\",\"@id\":\"https:\/\/louis-dubois.com\/?product=4244#breadcrumb\",\"itemListElement\":[{\"@type\":\"ListItem\",\"position\":1,\"name\":\"Accueil\",\"item\":\"https:\/\/louis-dubois.com\/\"},{\"@type\":\"ListItem\",\"position\":2,\"name\":\"La boutique\",\"item\":\"https:\/\/louis-dubois.com\/?page_id=2932\"},{\"@type\":\"ListItem\",\"position\":3,\"name\":\"Coffret \u00ab\u00a0\u00c9pices &#038; F\u00eates de fin d\u2019ann\u00e9e\u00a0\u00bb 5 Pots\"}]},{\"@type\":\"WebSite\",\"@id\":\"https:\/\/louis-dubois.com\/#website\",\"url\":\"https:\/\/louis-dubois.com\/\",\"name\":\"Louis Dubois Glacier - P\u00e2tissier\",\"description\":\"D\u00e9couvrez l\u2019excellence p\u00e2tissi\u00e8re et glac\u00e9e pour les professionnels sign\u00e9e Louis Dubois\",\"publisher\":{\"@id\":\"https:\/\/louis-dubois.com\/#\/schema\/person\/95357d5fcae5ab65b75e18ab948ced68\"},\"alternateName\":\"Louis Dubois Glacier - P\u00e2tissier\",\"potentialAction\":[{\"@type\":\"SearchAction\",\"target\":{\"@type\":\"EntryPoint\",\"urlTemplate\":\"https:\/\/louis-dubois.com\/?s={search_term_string}\"},\"query-input\":{\"@type\":\"PropertyValueSpecification\",\"valueRequired\":true,\"valueName\":\"search_term_string\"}}],\"inLanguage\":\"fr-FR\"},{\"@type\":[\"Person\",\"Organization\"],\"@id\":\"https:\/\/louis-dubois.com\/#\/schema\/person\/95357d5fcae5ab65b75e18ab948ced68\",\"name\":\"Ldubois\",\"image\":{\"@type\":\"ImageObject\",\"inLanguage\":\"fr-FR\",\"@id\":\"https:\/\/louis-dubois.com\/#\/schema\/person\/image\/\",\"url\":\"https:\/\/louis-dubois.com\/wp-content\/uploads\/2022\/08\/Logo-Or-titre.png\",\"contentUrl\":\"https:\/\/louis-dubois.com\/wp-content\/uploads\/2022\/08\/Logo-Or-titre.png\",\"width\":520,\"height\":669,\"caption\":\"Ldubois\"},\"logo\":{\"@id\":\"https:\/\/louis-dubois.com\/#\/schema\/person\/image\/\"},\"sameAs\":[\"https:\/\/louis-dubois.com\"]}]}<\/script>\n<!-- \/ Yoast SEO plugin. -->","yoast_head_json":{"title":"Coffret \"\u00c9pices & F\u00eates de fin d\u2019ann\u00e9e\" 5 Pots - Louis Dubois Glacier - P\u00e2tissier","robots":{"index":"index","follow":"follow","max-snippet":"max-snippet:-1","max-image-preview":"max-image-preview:large","max-video-preview":"max-video-preview:-1"},"canonical":"https:\/\/louis-dubois.com\/?product=4244","og_locale":"fr_FR","og_type":"article","og_title":"Coffret \"\u00c9pices & F\u00eates de fin d\u2019ann\u00e9e\" 5 Pots - Louis Dubois Glacier - P\u00e2tissier","og_description":"Le raffinement chaleureux des parfums d\u2019hiver.  Un coffret inspir\u00e9 des lumi\u00e8res de fin d\u2019ann\u00e9e, des soir\u00e9es parfum\u00e9es, des desserts chaleureux.  Chaque pot permet de pr\u00e9parer jusqu\u2019\u00e0 750 g de glace.  Ce coffret de 5 pots c\u00e9l\u00e8bre :  Cannelle de Ceylan, douceur \u00e9pic\u00e9e  Ingr\u00e9dients : Sucre, glucose atomis\u00e9, poudre de lait,Canelle de Cylan Bio (Place des \u00c9pices - Drap), dextrose  Cosse de cacao du Sri Lanka, subtilit\u00e9 v\u00e9g\u00e9tale  Ingr\u00e9dients : Sucre, glucose atomis\u00e9, poudre de lait, glucose atomis\u00e9, Cosse de cacao Bio Torr\u00e9fi\u00e9es (Place des \u00c9pices - Drap) , dextrose  Earl Grey, d\u00e9licatement bergamote  Ingr\u00e9dients : Sucre, glucose atomis\u00e9, poudre de lait, glucose atomis\u00e9,, Th\u00e9 Earl Gray (Jing) , dextrose  Matcha Bio, v\u00e9g\u00e9tal et velout\u00e9  Ingr\u00e9dients : Sucre, glucose atomis\u00e9, poudre de lait, glucose atomis\u00e9,, Th\u00e9\u00a0 Matcha , dextrose  Badiane Bio, aromatique et lumineuse  Ingr\u00e9dients : Sucre, glucose atomis\u00e9, poudre de lait, glucose atomis\u00e9,, Badiane (Place des \u00c9pices - Drap) , dextrose  &nbsp;  &nbsp;","og_url":"https:\/\/louis-dubois.com\/?product=4244","og_site_name":"Louis Dubois Glacier - P\u00e2tissier","article_modified_time":"2025-12-07T15:18:00+00:00","og_image":[{"width":1024,"height":765,"url":"https:\/\/louis-dubois.com\/wp-content\/uploads\/2025\/12\/Coffret-epices-et-fete-pack-de-5--1024x765.png","type":"image\/png"}],"twitter_card":"summary_large_image","twitter_misc":{"Dur\u00e9e de lecture estim\u00e9e":"1 minute"},"schema":{"@context":"https:\/\/schema.org","@graph":[{"@type":"WebPage","@id":"https:\/\/louis-dubois.com\/?product=4244","url":"https:\/\/louis-dubois.com\/?product=4244","name":"Coffret \"\u00c9pices & F\u00eates de fin d\u2019ann\u00e9e\" 5 Pots - Louis Dubois Glacier - P\u00e2tissier","isPartOf":{"@id":"https:\/\/louis-dubois.com\/#website"},"primaryImageOfPage":{"@id":"https:\/\/louis-dubois.com\/?product=4244#primaryimage"},"image":{"@id":"https:\/\/louis-dubois.com\/?product=4244#primaryimage"},"thumbnailUrl":"https:\/\/louis-dubois.com\/wp-content\/uploads\/2025\/12\/Coffret-epices-et-fete-pack-de-5-.png","datePublished":"2025-12-06T19:36:30+00:00","dateModified":"2025-12-07T15:18:00+00:00","breadcrumb":{"@id":"https:\/\/louis-dubois.com\/?product=4244#breadcrumb"},"inLanguage":"fr-FR","potentialAction":[{"@type":"ReadAction","target":["https:\/\/louis-dubois.com\/?product=4244"]}]},{"@type":"ImageObject","inLanguage":"fr-FR","@id":"https:\/\/louis-dubois.com\/?product=4244#primaryimage","url":"https:\/\/louis-dubois.com\/wp-content\/uploads\/2025\/12\/Coffret-epices-et-fete-pack-de-5-.png","contentUrl":"https:\/\/louis-dubois.com\/wp-content\/uploads\/2025\/12\/Coffret-epices-et-fete-pack-de-5-.png","width":1200,"height":896},{"@type":"BreadcrumbList","@id":"https:\/\/louis-dubois.com\/?product=4244#breadcrumb","itemListElement":[{"@type":"ListItem","position":1,"name":"Accueil","item":"https:\/\/louis-dubois.com\/"},{"@type":"ListItem","position":2,"name":"La boutique","item":"https:\/\/louis-dubois.com\/?page_id=2932"},{"@type":"ListItem","position":3,"name":"Coffret \u00ab\u00a0\u00c9pices &#038; F\u00eates de fin d\u2019ann\u00e9e\u00a0\u00bb 5 Pots"}]},{"@type":"WebSite","@id":"https:\/\/louis-dubois.com\/#website","url":"https:\/\/louis-dubois.com\/","name":"Louis Dubois Glacier - P\u00e2tissier","description":"D\u00e9couvrez l\u2019excellence p\u00e2tissi\u00e8re et glac\u00e9e pour les professionnels sign\u00e9e Louis Dubois","publisher":{"@id":"https:\/\/louis-dubois.com\/#\/schema\/person\/95357d5fcae5ab65b75e18ab948ced68"},"alternateName":"Louis Dubois Glacier - P\u00e2tissier","potentialAction":[{"@type":"SearchAction","target":{"@type":"EntryPoint","urlTemplate":"https:\/\/louis-dubois.com\/?s={search_term_string}"},"query-input":{"@type":"PropertyValueSpecification","valueRequired":true,"valueName":"search_term_string"}}],"inLanguage":"fr-FR"},{"@type":["Person","Organization"],"@id":"https:\/\/louis-dubois.com\/#\/schema\/person\/95357d5fcae5ab65b75e18ab948ced68","name":"Ldubois","image":{"@type":"ImageObject","inLanguage":"fr-FR","@id":"https:\/\/louis-dubois.com\/#\/schema\/person\/image\/","url":"https:\/\/louis-dubois.com\/wp-content\/uploads\/2022\/08\/Logo-Or-titre.png","contentUrl":"https:\/\/louis-dubois.com\/wp-content\/uploads\/2022\/08\/Logo-Or-titre.png","width":520,"height":669,"caption":"Ldubois"},"logo":{"@id":"https:\/\/louis-dubois.com\/#\/schema\/person\/image\/"},"sameAs":["https:\/\/louis-dubois.com"]}]}},"jetpack_sharing_enabled":true,"_links":{"self":[{"href":"https:\/\/louis-dubois.com\/index.php?rest_route=\/wp\/v2\/product\/4244","targetHints":{"allow":["GET"]}}],"collection":[{"href":"https:\/\/louis-dubois.com\/index.php?rest_route=\/wp\/v2\/product"}],"about":[{"href":"https:\/\/louis-dubois.com\/index.php?rest_route=\/wp\/v2\/types\/product"}],"replies":[{"embeddable":true,"href":"https:\/\/louis-dubois.com\/index.php?rest_route=%2Fwp%2Fv2%2Fcomments&post=4244"}],"version-history":[{"count":6,"href":"https:\/\/louis-dubois.com\/index.php?rest_route=\/wp\/v2\/product\/4244\/revisions"}],"predecessor-version":[{"id":4341,"href":"https:\/\/louis-dubois.com\/index.php?rest_route=\/wp\/v2\/product\/4244\/revisions\/4341"}],"wp:featuredmedia":[{"embeddable":true,"href":"https:\/\/louis-dubois.com\/index.php?rest_route=\/wp\/v2\/media\/4245"}],"wp:attachment":[{"href":"https:\/\/louis-dubois.com\/index.php?rest_route=%2Fwp%2Fv2%2Fmedia&parent=4244"}],"wp:term":[{"taxonomy":"product_brand","embeddable":true,"href":"https:\/\/louis-dubois.com\/index.php?rest_route=%2Fwp%2Fv2%2Fproduct_brand&post=4244"},{"taxonomy":"product_cat","embeddable":true,"href":"https:\/\/louis-dubois.com\/index.php?rest_route=%2Fwp%2Fv2%2Fproduct_cat&post=4244"},{"taxonomy":"product_tag","embeddable":true,"href":"https:\/\/louis-dubois.com\/index.php?rest_route=%2Fwp%2Fv2%2Fproduct_tag&post=4244"}],"curies":[{"name":"wp","href":"https:\/\/api.w.org\/{rel}","templated":true}]}}